{"id":745,"date":"2022-08-15T17:53:13","date_gmt":"2022-08-15T15:53:13","guid":{"rendered":"http:\/\/www.prokromeriz.cz\/?page_id=745"},"modified":"2024-09-03T18:38:04","modified_gmt":"2024-09-03T16:38:04","slug":"mysicky","status":"publish","type":"page","link":"https:\/\/www.jeslicky.com\/index.php\/mysicky\/","title":{"rendered":"my\u0161i\u010dky"},"content":{"rendered":"\n<p>Odd\u011blen\u00ed my\u0161i\u010dek se nach\u00e1z\u00ed na Vile (provoz na ulici Vrchlick\u00e9ho) v 1. nadzemn\u00edm podla\u017e\u00ed jesli\u010dek. O d\u011bti pe\u010duje ch\u016fvi\u010dka <strong>Petra<\/strong>.<\/p>\n\n\n\n<figure class=\"wp-block-image size-large\"><img loading=\"lazy\" decoding=\"async\" width=\"768\" height=\"1024\" src=\"http:\/\/www.prokromeriz.cz\/wp-content\/uploads\/2022\/09\/9AF7246C-3F68-4BB6-9B6C-5F70FBB3820B-768x1024.jpeg\" alt=\"\" class=\"wp-image-773\" srcset=\"https:\/\/www.jeslicky.com\/wp-content\/uploads\/2022\/09\/9AF7246C-3F68-4BB6-9B6C-5F70FBB3820B-768x1024.jpeg 768w, https:\/\/www.jeslicky.com\/wp-content\/uploads\/2022\/09\/9AF7246C-3F68-4BB6-9B6C-5F70FBB3820B-225x300.jpeg 225w, https:\/\/www.jeslicky.com\/wp-content\/uploads\/2022\/09\/9AF7246C-3F68-4BB6-9B6C-5F70FBB3820B-1152x1536.jpeg 1152w, https:\/\/www.jeslicky.com\/wp-content\/uploads\/2022\/09\/9AF7246C-3F68-4BB6-9B6C-5F70FBB3820B-1536x2048.jpeg 1536w, https:\/\/www.jeslicky.com\/wp-content\/uploads\/2022\/09\/9AF7246C-3F68-4BB6-9B6C-5F70FBB3820B-scaled.jpeg 1920w\" sizes=\"auto, (max-width: 706px) 89vw, (max-width: 767px) 82vw, 740px\" \/><\/figure>\n","protected":false},"excerpt":{"rendered":"<p>Odd\u011blen\u00ed my\u0161i\u010dek se nach\u00e1z\u00ed na Vile (provoz na ulici Vrchlick\u00e9ho) v 1. nadzemn\u00edm podla\u017e\u00ed jesli\u010dek. O d\u011bti pe\u010duje ch\u016fvi\u010dka Petra.<\/p>\n","protected":false},"author":1,"featured_media":0,"parent":0,"menu_order":0,"comment_status":"closed","ping_status":"closed","template":"","meta":{"footnotes":""},"class_list":["post-745","page","type-page","status-publish","hentry"],"_links":{"self":[{"href":"https:\/\/www.jeslicky.com\/index.php\/wp-json\/wp\/v2\/pages\/745","targetHints":{"allow":["GET"]}}],"collection":[{"href":"https:\/\/www.jeslicky.com\/index.php\/wp-json\/wp\/v2\/pages"}],"about":[{"href":"https:\/\/www.jeslicky.com\/index.php\/wp-json\/wp\/v2\/types\/page"}],"author":[{"embeddable":true,"href":"https:\/\/www.jeslicky.com\/index.php\/wp-json\/wp\/v2\/users\/1"}],"replies":[{"embeddable":true,"href":"https:\/\/www.jeslicky.com\/index.php\/wp-json\/wp\/v2\/comments?post=745"}],"version-history":[{"count":3,"href":"https:\/\/www.jeslicky.com\/index.php\/wp-json\/wp\/v2\/pages\/745\/revisions"}],"predecessor-version":[{"id":833,"href":"https:\/\/www.jeslicky.com\/index.php\/wp-json\/wp\/v2\/pages\/745\/revisions\/833"}],"wp:attachment":[{"href":"https:\/\/www.jeslicky.com\/index.php\/wp-json\/wp\/v2\/media?parent=745"}],"curies":[{"name":"wp","href":"https:\/\/api.w.org\/{rel}","templated":true}]}}