{"id":748,"date":"2022-08-15T17:53:57","date_gmt":"2022-08-15T15:53:57","guid":{"rendered":"http:\/\/www.prokromeriz.cz\/?page_id=748"},"modified":"2024-09-03T18:38:45","modified_gmt":"2024-09-03T16:38:45","slug":"zabicky","status":"publish","type":"page","link":"https:\/\/www.jeslicky.com\/index.php\/zabicky\/","title":{"rendered":"\u017eabi\u010dky"},"content":{"rendered":"\n<p> Odd\u011blen\u00ed \u017eabi\u010dek se nach\u00e1z\u00ed na Vile (provoz na ulici Vrchlick\u00e9ho) v 2. nadzemn\u00edm podla\u017e\u00ed jesli\u010dek. O d\u011bti pe\u010duje ch\u016fvi\u010dka <strong>Sim\u010da<\/strong>. <br><\/p>\n\n\n\n<p><\/p>\n","protected":false},"excerpt":{"rendered":"<p>Odd\u011blen\u00ed \u017eabi\u010dek se nach\u00e1z\u00ed na Vile (provoz na ulici Vrchlick\u00e9ho) v 2. nadzemn\u00edm podla\u017e\u00ed jesli\u010dek. O d\u011bti pe\u010duje ch\u016fvi\u010dka Sim\u010da.<\/p>\n","protected":false},"author":1,"featured_media":0,"parent":0,"menu_order":0,"comment_status":"closed","ping_status":"closed","template":"","meta":{"footnotes":""},"class_list":["post-748","page","type-page","status-publish","hentry"],"_links":{"self":[{"href":"https:\/\/www.jeslicky.com\/index.php\/wp-json\/wp\/v2\/pages\/748","targetHints":{"allow":["GET"]}}],"collection":[{"href":"https:\/\/www.jeslicky.com\/index.php\/wp-json\/wp\/v2\/pages"}],"about":[{"href":"https:\/\/www.jeslicky.com\/index.php\/wp-json\/wp\/v2\/types\/page"}],"author":[{"embeddable":true,"href":"https:\/\/www.jeslicky.com\/index.php\/wp-json\/wp\/v2\/users\/1"}],"replies":[{"embeddable":true,"href":"https:\/\/www.jeslicky.com\/index.php\/wp-json\/wp\/v2\/comments?post=748"}],"version-history":[{"count":4,"href":"https:\/\/www.jeslicky.com\/index.php\/wp-json\/wp\/v2\/pages\/748\/revisions"}],"predecessor-version":[{"id":834,"href":"https:\/\/www.jeslicky.com\/index.php\/wp-json\/wp\/v2\/pages\/748\/revisions\/834"}],"wp:attachment":[{"href":"https:\/\/www.jeslicky.com\/index.php\/wp-json\/wp\/v2\/media?parent=748"}],"curies":[{"name":"wp","href":"https:\/\/api.w.org\/{rel}","templated":true}]}}