{"id":896,"date":"2025-06-08T17:21:47","date_gmt":"2025-06-08T15:21:47","guid":{"rendered":"http:\/\/www.prokromeriz.cz\/?page_id=896"},"modified":"2026-04-07T11:38:52","modified_gmt":"2026-04-07T09:38:52","slug":"motylci","status":"publish","type":"page","link":"https:\/\/www.jeslicky.com\/index.php\/motylci\/","title":{"rendered":"Mot\u00fdlci"},"content":{"rendered":"\n<p><strong>Odd\u011blen\u00ed Mot\u00fdlk\u016f zah\u00e1jilo provoz 1. z\u00e1\u0159\u00ed 2025.<\/strong><\/p>\n\n\n\n<p>Tato skupinka je um\u00edst\u011bna v 1. pat\u0159e rodinn\u00e9ho domu a p\u0159izp\u016fsobena tak, aby spl\u0148ovala pot\u0159eby nejmen\u0161\u00edch d\u011bt\u00ed \u2013 v\u010detn\u011b bezpe\u010dn\u00e9ho pohybu, mo\u017enosti odpo\u010dinku i klidn\u00e9 hry. D\u011bti maj\u00ed k dispozici vlastn\u00ed prostor i p\u0159\u00edstup do zahrady.<\/p>\n\n\n\n<p>O skupinku se star\u00e1 kvalifikovan\u00e1 ch\u016fvi\u010dka a pomocn\u00e1 ch\u016fvi\u010dka, kter\u00e9 zaji\u0161\u0165uj\u00ed nejen b\u011b\u017enou p\u00e9\u010di, ale tak\u00e9 citliv\u00e9 veden\u00ed, podporu samostatnosti a v\u0159elou ka\u017edodenn\u00ed komunikaci.<\/p>\n","protected":false},"excerpt":{"rendered":"<p>Odd\u011blen\u00ed Mot\u00fdlk\u016f zah\u00e1jilo provoz 1. z\u00e1\u0159\u00ed 2025. Tato skupinka je um\u00edst\u011bna v 1. pat\u0159e rodinn\u00e9ho domu a p\u0159izp\u016fsobena tak, aby spl\u0148ovala pot\u0159eby nejmen\u0161\u00edch d\u011bt\u00ed \u2013 v\u010detn\u011b bezpe\u010dn\u00e9ho pohybu, mo\u017enosti odpo\u010dinku i klidn\u00e9 hry. D\u011bti maj\u00ed k dispozici vlastn\u00ed prostor i p\u0159\u00edstup do zahrady. O skupinku se star\u00e1 kvalifikovan\u00e1 ch\u016fvi\u010dka a pomocn\u00e1 ch\u016fvi\u010dka, kter\u00e9 zaji\u0161\u0165uj\u00ed nejen &hellip; <\/p>\n<p class=\"link-more\"><a href=\"https:\/\/www.jeslicky.com\/index.php\/motylci\/\" class=\"more-link\">Pokra\u010dovat ve \u010dten\u00ed<span class=\"screen-reader-text\"> &#8222;Mot\u00fdlci&#8220;<\/span><\/a><\/p>\n","protected":false},"author":1,"featured_media":0,"parent":0,"menu_order":0,"comment_status":"closed","ping_status":"closed","template":"","meta":{"footnotes":""},"class_list":["post-896","page","type-page","status-publish","hentry"],"_links":{"self":[{"href":"https:\/\/www.jeslicky.com\/index.php\/wp-json\/wp\/v2\/pages\/896","targetHints":{"allow":["GET"]}}],"collection":[{"href":"https:\/\/www.jeslicky.com\/index.php\/wp-json\/wp\/v2\/pages"}],"about":[{"href":"https:\/\/www.jeslicky.com\/index.php\/wp-json\/wp\/v2\/types\/page"}],"author":[{"embeddable":true,"href":"https:\/\/www.jeslicky.com\/index.php\/wp-json\/wp\/v2\/users\/1"}],"replies":[{"embeddable":true,"href":"https:\/\/www.jeslicky.com\/index.php\/wp-json\/wp\/v2\/comments?post=896"}],"version-history":[{"count":2,"href":"https:\/\/www.jeslicky.com\/index.php\/wp-json\/wp\/v2\/pages\/896\/revisions"}],"predecessor-version":[{"id":1001,"href":"https:\/\/www.jeslicky.com\/index.php\/wp-json\/wp\/v2\/pages\/896\/revisions\/1001"}],"wp:attachment":[{"href":"https:\/\/www.jeslicky.com\/index.php\/wp-json\/wp\/v2\/media?parent=896"}],"curies":[{"name":"wp","href":"https:\/\/api.w.org\/{rel}","templated":true}]}}